{"id":48,"date":"2023-07-28T12:03:12","date_gmt":"2023-07-28T10:03:12","guid":{"rendered":"https:\/\/psychotherapie-jelena-wograndl.at\/?page_id=48"},"modified":"2025-04-01T20:20:57","modified_gmt":"2025-04-01T18:20:57","slug":"angebot","status":"publish","type":"page","link":"https:\/\/psychotherapie-jelena-wograndl.at\/de\/angebot\/","title":{"rendered":"Rahmenbedingungen"},"content":{"rendered":"\n<div class=\"wp-block-group is-layout-constrained wp-block-group-is-layout-constrained\">\n<ul class=\"wp-block-list\">\n<li>In der Regel findet eine Sitzung (50 Minuten) pro Woche statt, bei Bedarf k\u00f6nnen auch Doppeleinheiten vereinbart werden. Ich biete Psychotherapie auch auf Russisch an. Auf Nachfrage biete ich einen Sozialtarif an.<\/li>\n\n\n\n<li>Eine Erstattung durch die Krankenkassa ist bei Therapeut*innen in Ausbildung unter Supervision nicht m\u00f6glich.<\/li>\n\n\n\n<li>Das Erstgespr\u00e4ch dient zum gegenseitigen Kennenlernen, es werden Ziele, Erwartungen und Rahmenbedingungen der Therapie gekl\u00e4rt. F\u00fchlen Sie sich wohl, entscheiden Sie in aller Ruhe, ob Sie weitere Termine in Anspruch nehmen m\u00f6chten.<\/li>\n<\/ul>\n<\/div>\n\n\n\n<div class=\"wp-block-group is-layout-constrained wp-block-group-is-layout-constrained\">\n<h2 class=\"wp-block-heading\">Angebot<\/h2>\n\n\n\n<ul class=\"wp-block-list\">\n<li>Mein Angebot richtet sich an Kinder, Jugendliche und Erwachsene.<\/li>\n<\/ul>\n\n\n\n<p><strong>Methoden:<\/strong><\/p>\n\n\n\n<ul class=\"wp-block-list\">\n<li>Schematherapie<\/li>\n\n\n\n<li>Dialektisch- Behaviorale Therapie<\/li>\n\n\n\n<li>Kognitive Umstrukturierung<\/li>\n\n\n\n<li>Aufbau positiven Aktivit\u00e4ten<\/li>\n\n\n\n<li>Selbstmanagement<\/li>\n\n\n\n<li>Reizkonfrontation\/Expositionsbehandlung<\/li>\n\n\n\n<li>Entspannungsverfahren<\/li>\n\n\n\n<li>Euthyme Therapie (Genusstraining)<\/li>\n\n\n\n<li>Training sozialen Kompetenzen<\/li>\n\n\n\n<li>Narrative Expositionstherapie<\/li>\n<\/ul>\n\n\n\n<p>Ich biete Ihnen Hilfe bei:<\/p>\n\n\n\n<ul class=\"wp-block-list\">\n<li>Migration und Integration<\/li>\n\n\n\n<li>\u00c4ngsten\/ Panikattacken<\/li>\n\n\n\n<li>Burnout\/ Burnout- Vorbeugung<\/li>\n\n\n\n<li>Depression<\/li>\n\n\n\n<li>Zw\u00e4ngen<\/li>\n\n\n\n<li>S\u00fcchten <\/li>\n\n\n\n<li>Psychosomatische Erkrankungen<\/li>\n\n\n\n<li>Belastende Lebenssituationen\/ Lebenskrisen<\/li>\n\n\n\n<li>Partnerschafts- und Familienkonflikten<\/li>\n\n\n\n<li>Borderline &#8211; Pers\u00f6nlichkeitsst\u00f6rungen<\/li>\n\n\n\n<li>Pers\u00f6nlichkeitsentwicklung<\/li>\n\n\n\n<li>Schlafproblemen<\/li>\n\n\n\n<li>Sterben-Tod-Trauer allgemein<\/li>\n\n\n\n<li>Stress\/Entspannung<\/li>\n\n\n\n<li>uvm.<\/li>\n<\/ul>\n\n\n\n<h2 class=\"wp-block-heading\">Setting<\/h2>\n\n\n\n<ul class=\"wp-block-list\">\n<li>Einzeltherapie<\/li>\n\n\n\n<li>Paartherapie<\/li>\n\n\n\n<li>Gruppentherapie<\/li>\n\n\n\n<li>Online<\/li>\n<\/ul>\n\n\n\n<h2 class=\"wp-block-heading\">Absageregelung<\/h2>\n\n\n\n<p>Wenn Sie einen Termin nicht wahrnehmen k\u00f6nnen, ersuche ich Sie den Termin 48 Stunden im Vorhinein per SMS, Anruf oder E-Mail abzusagen. Bei zu sp\u00e4ten Absagen oder nicht Erscheinen wird das volle Honorar verrechnet.<\/p>\n<\/div>\n\n\n\n<div class=\"wp-block-group is-layout-constrained wp-block-group-is-layout-constrained\">\n<h2 class=\"wp-block-heading\">Verschwiegenheitspflicht<\/h2>\n\n\n\n<p>Psychotherapeut*innen sind gem\u00e4\u00df \u00a715 PthG zu strengster Verschwiegenheit \u00fcber alle Ihnen in Aus\u00fcbung ihres Berufs anvertrauten oder bekannt gewordenen Geheimnissen verpflichtet, d.h. gegen\u00fcber allen Dritten \u2013 Familie, Ehepartner, \u00f6ffentlichen und privaten Einrichtungen (z.B. Sozialversicherungstr\u00e4gern, Beh\u00f6rden&#8230;).<\/p>\n<\/div>\n","protected":false},"excerpt":{"rendered":"<p>Angebot Methoden: Ich biete Ihnen Hilfe bei: Setting Absageregelung Wenn Sie einen Termin nicht wahrnehmen k\u00f6nnen, ersuche ich Sie den Termin 48 Stunden im Vorhinein per SMS, Anruf oder E-Mail abzusagen. Bei zu sp\u00e4ten Absagen oder nicht Erscheinen wird das volle Honorar verrechnet. Verschwiegenheitspflicht Psychotherapeut*innen sind gem\u00e4\u00df \u00a715 PthG zu strengster Verschwiegenheit \u00fcber alle Ihnen [&hellip;]<\/p>\n","protected":false},"author":1,"featured_media":0,"parent":0,"menu_order":0,"comment_status":"closed","ping_status":"closed","template":"","meta":{"om_disable_all_campaigns":false,"_monsterinsights_skip_tracking":false,"_monsterinsights_sitenote_active":false,"_monsterinsights_sitenote_note":"","_monsterinsights_sitenote_category":0,"footnotes":""},"class_list":["post-48","page","type-page","status-publish","hentry"],"aioseo_notices":[],"_links":{"self":[{"href":"https:\/\/psychotherapie-jelena-wograndl.at\/de\/wp-json\/wp\/v2\/pages\/48","targetHints":{"allow":["GET"]}}],"collection":[{"href":"https:\/\/psychotherapie-jelena-wograndl.at\/de\/wp-json\/wp\/v2\/pages"}],"about":[{"href":"https:\/\/psychotherapie-jelena-wograndl.at\/de\/wp-json\/wp\/v2\/types\/page"}],"author":[{"embeddable":true,"href":"https:\/\/psychotherapie-jelena-wograndl.at\/de\/wp-json\/wp\/v2\/users\/1"}],"replies":[{"embeddable":true,"href":"https:\/\/psychotherapie-jelena-wograndl.at\/de\/wp-json\/wp\/v2\/comments?post=48"}],"version-history":[{"count":28,"href":"https:\/\/psychotherapie-jelena-wograndl.at\/de\/wp-json\/wp\/v2\/pages\/48\/revisions"}],"predecessor-version":[{"id":328,"href":"https:\/\/psychotherapie-jelena-wograndl.at\/de\/wp-json\/wp\/v2\/pages\/48\/revisions\/328"}],"wp:attachment":[{"href":"https:\/\/psychotherapie-jelena-wograndl.at\/de\/wp-json\/wp\/v2\/media?parent=48"}],"curies":[{"name":"wp","href":"https:\/\/api.w.org\/{rel}","templated":true}]}}

<div class="wp-block-group is-layout-constrained wp-block-group-is-layout-constrained">
<ul class="wp-block-list">
<li>In der Regel findet eine Sitzung (50 Minuten) pro Woche statt, bei Bedarf können auch Doppeleinheiten vereinbart werden. Ich biete Psychotherapie auch auf Russisch an. Auf Nachfrage biete ich einen Sozialtarif an.</li>



<li>Eine Erstattung durch die Krankenkassa ist bei Therapeut*innen in Ausbildung unter Supervision nicht möglich.</li>



<li>Das Erstgespräch dient zum gegenseitigen Kennenlernen, es werden Ziele, Erwartungen und Rahmenbedingungen der Therapie geklärt. Fühlen Sie sich wohl, entscheiden Sie in aller Ruhe, ob Sie weitere Termine in Anspruch nehmen möchten.</li>
</ul>
</div>



<div class="wp-block-group is-layout-constrained wp-block-group-is-layout-constrained">
<h2 class="wp-block-heading">Angebot</h2>



<ul class="wp-block-list">
<li>Mein Angebot richtet sich an Kinder, Jugendliche und Erwachsene.</li>
</ul>



<p><strong>Methoden:</strong></p>



<ul class="wp-block-list">
<li>Schematherapie</li>



<li>Dialektisch- Behaviorale Therapie</li>



<li>Kognitive Umstrukturierung</li>



<li>Aufbau positiven Aktivitäten</li>



<li>Selbstmanagement</li>



<li>Reizkonfrontation/Expositionsbehandlung</li>



<li>Entspannungsverfahren</li>



<li>Euthyme Therapie (Genusstraining)</li>



<li>Training sozialen Kompetenzen</li>



<li>Narrative Expositionstherapie</li>
</ul>



<p>Ich biete Ihnen Hilfe bei:</p>



<ul class="wp-block-list">
<li>Migration und Integration</li>



<li>Ängsten/ Panikattacken</li>



<li>Burnout/ Burnout- Vorbeugung</li>



<li>Depression</li>



<li>Zwängen</li>



<li>Süchten </li>



<li>Psychosomatische Erkrankungen</li>



<li>Belastende Lebenssituationen/ Lebenskrisen</li>



<li>Partnerschafts- und Familienkonflikten</li>



<li>Borderline &#8211; Persönlichkeitsstörungen</li>



<li>Persönlichkeitsentwicklung</li>



<li>Schlafproblemen</li>



<li>Sterben-Tod-Trauer allgemein</li>



<li>Stress/Entspannung</li>



<li>uvm.</li>
</ul>



<h2 class="wp-block-heading">Setting</h2>



<ul class="wp-block-list">
<li>Einzeltherapie</li>



<li>Paartherapie</li>



<li>Gruppentherapie</li>



<li>Online</li>
</ul>



<h2 class="wp-block-heading">Absageregelung</h2>



<p>Wenn Sie einen Termin nicht wahrnehmen können, ersuche ich Sie den Termin 48 Stunden im Vorhinein per SMS, Anruf oder E-Mail abzusagen. Bei zu späten Absagen oder nicht Erscheinen wird das volle Honorar verrechnet.</p>
</div>



<div class="wp-block-group is-layout-constrained wp-block-group-is-layout-constrained">
<h2 class="wp-block-heading">Verschwiegenheitspflicht</h2>



<p>Psychotherapeut*innen sind gemäß §15 PthG zu strengster Verschwiegenheit über alle Ihnen in Ausübung ihres Berufs anvertrauten oder bekannt gewordenen Geheimnissen verpflichtet, d.h. gegenüber allen Dritten – Familie, Ehepartner, öffentlichen und privaten Einrichtungen (z.B. Sozialversicherungsträgern, Behörden&#8230;).</p>
</div>

<p>Angebot Methoden: Ich biete Ihnen Hilfe bei: Setting Absageregelung Wenn Sie einen Termin nicht wahrnehmen können, ersuche ich Sie den Termin 48 Stunden im Vorhinein per SMS, Anruf oder E-Mail abzusagen. Bei zu späten Absagen oder nicht Erscheinen wird das volle Honorar verrechnet. Verschwiegenheitspflicht Psychotherapeut*innen sind gemäß §15 PthG zu strengster Verschwiegenheit über alle Ihnen [&hellip;]</p>
